{"id":71,"date":"2021-08-20T20:56:17","date_gmt":"2021-08-20T20:56:17","guid":{"rendered":"http:\/\/iatricskinesiologia.com\/?page_id=71"},"modified":"2024-01-24T11:32:04","modified_gmt":"2024-01-24T11:32:04","slug":"turnos","status":"publish","type":"page","link":"https:\/\/iatricskinesiologia.com\/index.php\/turnos\/","title":{"rendered":"Turnos"},"content":{"rendered":"\n<p>\u2022 <strong><a href=\"https:\/\/wa.me\/message\/IPQX6XIRS7ZJI1\" target=\"_blank\" rel=\"noopener\" title=\"\">Comunicate por WhatsApp<\/a><\/strong> y coordin\u00e1 tu turno.<\/p>\n\n\n\n<p>\u2022 El horario de atenci\u00f3n telef\u00f3nica es de lunes a viernes de 9 a 18hs. Haremos todo lo posible para responderte a la brevedad.\u00a0<\/p>\n\n\n\n<p>\u2022 <strong><a href=\"https:\/\/wa.me\/message\/IPQX6XIRS7ZJI1\" target=\"_blank\" rel=\"noopener\" title=\"\"><a href=\"https:\/\/wa.me\/message\/IPQX6XIRS7ZJI1\">Consultanos por WhatsApp las promociones disponibles.<\/a><\/a><\/strong><\/p>\n\n\n\n<p><\/p>\n\n\n\n<p><\/p>\n\n\n\n<div style=\"height:49px\" aria-hidden=\"true\" class=\"wp-block-spacer\"><\/div>\n\n\n\n<p><\/p>\n\n\n\n<h3 class=\"wp-block-heading\">Pol\u00edtica de turnos:<\/h3>\n\n\n\n<p>\u2022 Para hacer efectiva la reserva de tu turno, deber\u00e1s abonar previamente una se\u00f1a del 50% de tu consulta.<\/p>\n\n\n\n<p>La misma debe ser abonada por transferencia bancaria o transferencia de dinero a trav\u00e9s de Mercado Pago. Toda la informaci\u00f3n necesaria la recibir\u00e1s por WhatsApp al coordinar tu turno.<\/p>\n\n\n\n<p>\u2022 De cancelar y\/o reprogramar tu sesi\u00f3n, deb\u00e9s hacerlo con 24hs de anticipaci\u00f3n. Caso contrario la se\u00f1a abonada no ser\u00e1 reembolsada. En caso de ser paciente asiduo, deber\u00e1 abonar la sesi\u00f3n como realizada (100%)<\/p>\n\n\n\n<p>\u2022 Cada turno tendr\u00e1 una tolerancia de demora de 15\u2019. En caso que sea el profesional el que se encuentre demorado de ser posible se respetar\u00e1 el tiempo de sesi\u00f3n estipulado.<\/p>\n\n\n\n<p><\/p>\n\n\n\n<p><\/p>\n\n\n\n<p><\/p>\n","protected":false},"excerpt":{"rendered":"<p>\u2022 Comunicate por WhatsApp y coordin\u00e1 tu turno. \u2022 El horario de atenci\u00f3n telef\u00f3nica es de lunes a viernes de 9 a 18hs. Haremos todo lo posible para responderte a la brevedad.\u00a0 \u2022 Consultanos por WhatsApp las promociones disponibles. Pol\u00edtica de turnos: \u2022 Para hacer efectiva la reserva de tu turno, deber\u00e1s abonar previamente una &hellip; <\/p>\n","protected":false},"author":1,"featured_media":0,"parent":0,"menu_order":0,"comment_status":"closed","ping_status":"closed","template":"","meta":{"om_disable_all_campaigns":false,"_monsterinsights_skip_tracking":false,"_monsterinsights_sitenote_active":false,"_monsterinsights_sitenote_note":"","_monsterinsights_sitenote_category":0,"_glsr_average":0,"_glsr_ranking":0,"_glsr_reviews":0,"footnotes":""},"class_list":["post-71","page","type-page","status-publish","hentry","grid-sizer"],"aioseo_notices":[],"_links":{"self":[{"href":"https:\/\/iatricskinesiologia.com\/index.php\/wp-json\/wp\/v2\/pages\/71","targetHints":{"allow":["GET"]}}],"collection":[{"href":"https:\/\/iatricskinesiologia.com\/index.php\/wp-json\/wp\/v2\/pages"}],"about":[{"href":"https:\/\/iatricskinesiologia.com\/index.php\/wp-json\/wp\/v2\/types\/page"}],"author":[{"embeddable":true,"href":"https:\/\/iatricskinesiologia.com\/index.php\/wp-json\/wp\/v2\/users\/1"}],"replies":[{"embeddable":true,"href":"https:\/\/iatricskinesiologia.com\/index.php\/wp-json\/wp\/v2\/comments?post=71"}],"version-history":[{"count":13,"href":"https:\/\/iatricskinesiologia.com\/index.php\/wp-json\/wp\/v2\/pages\/71\/revisions"}],"predecessor-version":[{"id":492,"href":"https:\/\/iatricskinesiologia.com\/index.php\/wp-json\/wp\/v2\/pages\/71\/revisions\/492"}],"wp:attachment":[{"href":"https:\/\/iatricskinesiologia.com\/index.php\/wp-json\/wp\/v2\/media?parent=71"}],"curies":[{"name":"wp","href":"https:\/\/api.w.org\/{rel}","templated":true}]}}