{"id":454,"date":"2023-09-20T12:42:30","date_gmt":"2023-09-20T12:42:30","guid":{"rendered":"https:\/\/iatricskinesiologia.com\/?page_id=454"},"modified":"2025-07-03T14:14:11","modified_gmt":"2025-07-03T14:14:11","slug":"prensa","status":"publish","type":"page","link":"https:\/\/iatricskinesiologia.com\/index.php\/prensa\/","title":{"rendered":"Prensa"},"content":{"rendered":"\n<div class=\"wp-block-columns is-layout-flex wp-container-core-columns-is-layout-9d6595d7 wp-block-columns-is-layout-flex\">\n<div class=\"wp-block-column has-black-color has-pale-cyan-blue-background-color has-text-color has-background is-layout-flow wp-block-column-is-layout-flow\">\n<p>Estuvimos junto a <strong>Natalia Paratore<\/strong> en su programa <strong>EnCasa Salud&nbsp;de TV P\u00fablica<\/strong>:&nbsp;<\/p>\n\n\n\n<p>Miralo ac\u00e1:<\/p>\n\n\n\n<iframe width=\"560\" height=\"315\" src=\"https:\/\/www.youtube.com\/embed\/7vXRVqdoDig?si=zJCw9D__ymMw2wbr&amp;start=2131\" title=\"YouTube video player\" frameborder=\"0\" allow=\"accelerometer; autoplay; clipboard-write; encrypted-media; gyroscope; picture-in-picture; web-share\" allowfullscreen=\"\"><\/iframe>\n<\/div>\n\n\n\n<div class=\"wp-block-column has-black-color has-pale-cyan-blue-background-color has-text-color has-background is-layout-flow wp-block-column-is-layout-flow\">\n<p>El equipo editorial de <strong>Perfil <\/strong>entrevist\u00f3 a nuestra directora y fundadora <strong>Lic. Agus Merediz<\/strong>.&nbsp;<\/p>\n\n\n\n<p class=\"has-black-color has-text-color\">Le\u00e9 la nota completa <a href=\"https:\/\/caras.perfil.com\/noticias\/caras-like\/iatrics-kinesiologia.phtml?fbclid=PAAabfcIor21PytfeJYBnm08tXmCLNNB3wVqcJjFFHzyB0FoqBljSuNDI5BM0\" target=\"_blank\" rel=\"noopener\" title=\"\"><strong>ac\u00e1<\/strong><\/a>:<\/p>\n\n\n\n<iframe src=\"https:\/\/caras.perfil.com\/noticias\/caras-like\/iatrics-kinesiologia.phtml?fbclid=PAAabfcIor21PytfeJYBnm08tXmCLNNB3wVqcJjFFHzyB0FoqBljSuNDI5BM0\" height=\"500\" width=\"100%\" title=\"Nota Perfil\"><\/iframe>\n<\/div>\n\n\n\n<div class=\"wp-block-column has-black-color has-pale-cyan-blue-background-color has-text-color has-background is-layout-flow wp-block-column-is-layout-flow\">\n<p>Mostramos ejercicios para aliviar dolores y tensiones de la vida cotidiana. Describimos el efectivo tratamiento que se realiza en el centro Iatrics.<\/p>\n\n\n\n<p class=\"has-black-color has-text-color\">Miralo ac\u00e1:<\/p>\n\n\n\n<iframe width=\"560\" height=\"315\" src=\"https:\/\/www.youtube.com\/embed\/95rS8Qb5Pl0?si=qfbPP7xOr5f16Doq\" title=\"YouTube video player\" frameborder=\"0\" allow=\"accelerometer; autoplay; clipboard-write; encrypted-media; gyroscope; picture-in-picture; web-share\" referrerpolicy=\"strict-origin-when-cross-origin\" allowfullscreen><\/iframe>\n<\/div>\n<\/div>\n\n\n\n<div class=\"wp-block-columns is-layout-flex wp-container-core-columns-is-layout-9d6595d7 wp-block-columns-is-layout-flex\">\n<div class=\"wp-block-column has-black-color has-pale-cyan-blue-background-color has-text-color has-background is-layout-flow wp-block-column-is-layout-flow\">\n<p>Estuvimos en <strong>EnCasa Salud\u00a0de TV P\u00fablica<\/strong> brindando ejercicios para mejorar la lumbalgia.<\/p>\n\n\n\n<p>Miralo ac\u00e1:<\/p>\n\n\n\n<iframe width=\"560\" height=\"315\" src=\"https:\/\/www.youtube.com\/embed\/glcdbzDnV68?si=S2PLSbXczF_DZB36\" title=\"YouTube video player\" frameborder=\"0\" allow=\"accelerometer; autoplay; clipboard-write; encrypted-media; gyroscope; picture-in-picture; web-share\" referrerpolicy=\"strict-origin-when-cross-origin\" allowfullscreen><\/iframe>\n<\/div>\n\n\n\n<div class=\"wp-block-column has-black-color has-pale-cyan-blue-background-color has-text-color has-background is-layout-flow wp-block-column-is-layout-flow\">\n<p>Estuvimos en <strong>EnCasa Salud\u00a0de TV P\u00fablica<\/strong> brindando ejercicios para cuidar las cervicales<\/p>\n\n\n\n<p class=\"has-black-color has-text-color\">Miralo ac\u00e1:<\/p>\n\n\n\n<iframe width=\"560\" height=\"315\" src=\"https:\/\/www.youtube.com\/embed\/7vXRVqdoDig?si=6o-HsrA1VtBnKsEy\" title=\"YouTube video player\" frameborder=\"0\" allow=\"accelerometer; autoplay; clipboard-write; encrypted-media; gyroscope; picture-in-picture; web-share\" referrerpolicy=\"strict-origin-when-cross-origin\" allowfullscreen><\/iframe>\n<\/div>\n<\/div>\n\n\n\n<p><\/p>\n","protected":false},"excerpt":{"rendered":"<p>Estuvimos junto a Natalia Paratore en su programa EnCasa Salud&nbsp;de TV P\u00fablica:&nbsp; Miralo ac\u00e1: El equipo editorial de Perfil entrevist\u00f3 a nuestra directora y fundadora Lic. Agus Merediz.&nbsp; Le\u00e9 la nota completa ac\u00e1: Mostramos ejercicios para aliviar dolores y tensiones de la vida cotidiana. Describimos el efectivo tratamiento que se realiza en el centro Iatrics. &hellip; <\/p>\n","protected":false},"author":1,"featured_media":0,"parent":0,"menu_order":0,"comment_status":"closed","ping_status":"closed","template":"","meta":{"om_disable_all_campaigns":false,"_monsterinsights_skip_tracking":false,"_monsterinsights_sitenote_active":false,"_monsterinsights_sitenote_note":"","_monsterinsights_sitenote_category":0,"_glsr_average":0,"_glsr_ranking":0,"_glsr_reviews":0,"footnotes":""},"class_list":["post-454","page","type-page","status-publish","hentry","grid-sizer"],"aioseo_notices":[],"_links":{"self":[{"href":"https:\/\/iatricskinesiologia.com\/index.php\/wp-json\/wp\/v2\/pages\/454","targetHints":{"allow":["GET"]}}],"collection":[{"href":"https:\/\/iatricskinesiologia.com\/index.php\/wp-json\/wp\/v2\/pages"}],"about":[{"href":"https:\/\/iatricskinesiologia.com\/index.php\/wp-json\/wp\/v2\/types\/page"}],"author":[{"embeddable":true,"href":"https:\/\/iatricskinesiologia.com\/index.php\/wp-json\/wp\/v2\/users\/1"}],"replies":[{"embeddable":true,"href":"https:\/\/iatricskinesiologia.com\/index.php\/wp-json\/wp\/v2\/comments?post=454"}],"version-history":[{"count":24,"href":"https:\/\/iatricskinesiologia.com\/index.php\/wp-json\/wp\/v2\/pages\/454\/revisions"}],"predecessor-version":[{"id":815,"href":"https:\/\/iatricskinesiologia.com\/index.php\/wp-json\/wp\/v2\/pages\/454\/revisions\/815"}],"wp:attachment":[{"href":"https:\/\/iatricskinesiologia.com\/index.php\/wp-json\/wp\/v2\/media?parent=454"}],"curies":[{"name":"wp","href":"https:\/\/api.w.org\/{rel}","templated":true}]}}