{"id":43,"date":"2021-08-20T20:03:45","date_gmt":"2021-08-20T20:03:45","guid":{"rendered":"http:\/\/iatricskinesiologia.com\/?page_id=43"},"modified":"2023-01-23T14:26:41","modified_gmt":"2023-01-23T14:26:41","slug":"quienes-somos","status":"publish","type":"page","link":"https:\/\/iatricskinesiologia.com\/index.php\/quienes-somos\/","title":{"rendered":"\u00bfQui\u00e9nes somos?"},"content":{"rendered":"\n<p>IATRICS es un centro de kinesiolog\u00eda especializado en Rehabilitaci\u00f3n deportiva, postural y orientado hacia las t\u00e9cnicas manuales.<\/p>\n\n\n\n<p>El abarcar un abanico de especialidades, tiene por objetivo poner a disposici\u00f3n de cada paciente m\u00faltiples posibilidades para el cuidado y su recuperaci\u00f3n.<\/p>\n\n\n\n<p>Desde el inicio nos diferenciamos por contar con profesionales de excelencia, comprometidos con la salud y en capacitaci\u00f3n y actualizaci\u00f3n permanente.<\/p>\n\n\n\n<p><\/p>\n\n\n\n<hr class=\"wp-block-separator separador-hr\"\/>\n\n\n\n<div class=\"wp-block-columns is-layout-flex wp-container-core-columns-is-layout-9d6595d7 wp-block-columns-is-layout-flex\">\n<div class=\"wp-block-column is-layout-flow wp-block-column-is-layout-flow\" style=\"flex-basis:100%\">\n<div class=\"wp-block-columns is-layout-flex wp-container-core-columns-is-layout-9d6595d7 wp-block-columns-is-layout-flex\">\n<div class=\"wp-block-column is-layout-flow wp-block-column-is-layout-flow\" style=\"flex-basis:33.33%\">\n<div class=\"wp-block-image is-style-rounded\"><figure class=\"alignright size-large\"><img fetchpriority=\"high\" decoding=\"async\" width=\"681\" height=\"1024\" src=\"https:\/\/iatricskinesiologia.com\/wp-content\/uploads\/2023\/01\/CSC0290editada-ffoc-681x1024.png\" alt=\"\" class=\"wp-image-335\" srcset=\"https:\/\/iatricskinesiologia.com\/wp-content\/uploads\/2023\/01\/CSC0290editada-ffoc-681x1024.png 681w, https:\/\/iatricskinesiologia.com\/wp-content\/uploads\/2023\/01\/CSC0290editada-ffoc-600x902.png 600w, https:\/\/iatricskinesiologia.com\/wp-content\/uploads\/2023\/01\/CSC0290editada-ffoc-199x300.png 199w, https:\/\/iatricskinesiologia.com\/wp-content\/uploads\/2023\/01\/CSC0290editada-ffoc-768x1155.png 768w, https:\/\/iatricskinesiologia.com\/wp-content\/uploads\/2023\/01\/CSC0290editada-ffoc-1021x1536.png 1021w, https:\/\/iatricskinesiologia.com\/wp-content\/uploads\/2023\/01\/CSC0290editada-ffoc-1362x2048.png 1362w, https:\/\/iatricskinesiologia.com\/wp-content\/uploads\/2023\/01\/CSC0290editada-ffoc-40x60.png 40w, https:\/\/iatricskinesiologia.com\/wp-content\/uploads\/2023\/01\/CSC0290editada-ffoc.png 2000w\" sizes=\"(max-width: 681px) 100vw, 681px\" \/><\/figure><\/div>\n<\/div>\n\n\n\n<div class=\"wp-block-column is-layout-flow wp-block-column-is-layout-flow\" style=\"flex-basis:66.66%\">\n<p><\/p>\n\n\n\n<p><strong>LIC. MEREDIZ AGUSTINA<br><\/strong><em>Fundadora de Iatrics Kinesiolog\u00eda<\/em><\/p>\n\n\n\n<p><br>Kinesi\u00f3loga y Fisiatra (UBA) especializada en rehabilitaci\u00f3n general y deportiva, t\u00e9cnicas manuales y de correcci\u00f3n postural. Con formaci\u00f3n en Auditor\u00eda Kinefisi\u00e1trica.&nbsp;<\/p>\n<\/div>\n<\/div>\n<\/div>\n<\/div>\n\n\n\n<hr class=\"wp-block-separator separador-hr\"\/>\n\n\n\n<h2 class=\"wp-block-heading\"><em>Nuestros principios:<\/em><\/h2>\n\n\n\n<p>La misi\u00f3n, visi\u00f3n y valores de IATRICS son las bases que representan nuestra identidad y la cultura corporativa.<\/p>\n\n\n\n<p>MISI\u00d3N | Mejorar la calidad de vida y salud de las personas.<\/p>\n\n\n\n<p>VISI\u00d3N | Ser la organizaci\u00f3n l\u00edder del mercado de la salud y preferida por pacientes, empleados y profesionales por la calidad de atenci\u00f3n, relaciones humanas y est\u00e1ndares de trabajo.<\/p>\n\n\n\n<p>VALORES | Trabajo en equipo \u00e1gil y multidisciplinario. Cumplir con nuestros compromisos. Fomentar el desarrollo personal y profesional de los que integramos el equipo de trabajo. Generar v\u00ednculos de confianza y depender unos de otros.<\/p>\n\n\n\n<hr class=\"wp-block-separator separador-hr\"\/>\n\n\n\n<h2 class=\"wp-block-heading\"><em>Nuestros pilares:<\/em><\/h2>\n\n\n\n<p>RELACI\u00d3N CON EL PACIENTE | Buscamos establecer una relaci\u00f3n de confianza brindando contenci\u00f3n y soporte. Queremos cumplir con las expectativas que ellos depositan en nosotros a trav\u00e9s de una destacada atenci\u00f3n profesional y por sobre todo humana.<\/p>\n\n\n\n<p>PROFESIONALISMO | Actuar siempre de acuerdo con los valores de nuestras profesiones, poniendo al servicio de la comunidad la mejor atenci\u00f3n y la mejor evidencia cient\u00edfica, velando por la calidad de los servicios y la seguridad de las personas.<\/p>\n\n\n\n<p>TRABAJO EN EQUIPO | Trabajar en cooperaci\u00f3n para alcanzar objetivos compartidos, buscando la participaci\u00f3n, el compromiso y el desarrollo profesional.<\/p>\n\n\n\n<p>RESPETO | Ofrecer un trato humano y emp\u00e1tico a las personas, respetando sus derechos individuales y colectivos, su autonom\u00eda y su diversidad.<\/p>\n\n\n\n<p>COMUNICACI\u00d3N | Relaci\u00f3n fluida entre profesional y paciente. Buscamos a trav\u00e9s del di\u00e1logo contin\u00fao poder entender al paciente, su entorno y su motivo de consulta facilitando v\u00edas para la recuperaci\u00f3n.<\/p>\n\n\n\n<p>COMPROMISO CON LA FORMACI\u00d3N, LA INVESTIGACI\u00d3N Y LA DOCENCIA | Capacitaci\u00f3n profesional y compartir conocimiento con nuestros pares y su difusi\u00f3n a la comunidad.<\/p>\n\n\n\n<p>INNOVACI\u00d3N | Buscar permanentemente la mejora contin\u00faa de procesos y servicios, y estar a la vanguardia de los cambios tecnol\u00f3gicos y cient\u00edficos.<\/p>\n\n\n\n<p>GESTI\u00d3N | Gestionar con transparencia y \u00e9tica profesional.<\/p>\n\n\n\n<p>MEDIO AMBIENTE | Fomentar un desarrollo de negocio sustentable.<\/p>\n","protected":false},"excerpt":{"rendered":"<p>IATRICS es un centro de kinesiolog\u00eda especializado en Rehabilitaci\u00f3n deportiva, postural y orientado hacia las t\u00e9cnicas manuales. El abarcar un abanico de especialidades, tiene por objetivo poner a disposici\u00f3n de cada paciente m\u00faltiples posibilidades para el cuidado y su recuperaci\u00f3n. Desde el inicio nos diferenciamos por contar con profesionales de excelencia, comprometidos con la salud &hellip; <\/p>\n","protected":false},"author":1,"featured_media":37,"parent":0,"menu_order":0,"comment_status":"closed","ping_status":"closed","template":"","meta":{"om_disable_all_campaigns":false,"_monsterinsights_skip_tracking":false,"_monsterinsights_sitenote_active":false,"_monsterinsights_sitenote_note":"","_monsterinsights_sitenote_category":0,"_glsr_average":0,"_glsr_ranking":0,"_glsr_reviews":0,"footnotes":""},"class_list":["post-43","page","type-page","status-publish","has-post-thumbnail","hentry","grid-sizer"],"aioseo_notices":[],"_links":{"self":[{"href":"https:\/\/iatricskinesiologia.com\/index.php\/wp-json\/wp\/v2\/pages\/43","targetHints":{"allow":["GET"]}}],"collection":[{"href":"https:\/\/iatricskinesiologia.com\/index.php\/wp-json\/wp\/v2\/pages"}],"about":[{"href":"https:\/\/iatricskinesiologia.com\/index.php\/wp-json\/wp\/v2\/types\/page"}],"author":[{"embeddable":true,"href":"https:\/\/iatricskinesiologia.com\/index.php\/wp-json\/wp\/v2\/users\/1"}],"replies":[{"embeddable":true,"href":"https:\/\/iatricskinesiologia.com\/index.php\/wp-json\/wp\/v2\/comments?post=43"}],"version-history":[{"count":16,"href":"https:\/\/iatricskinesiologia.com\/index.php\/wp-json\/wp\/v2\/pages\/43\/revisions"}],"predecessor-version":[{"id":337,"href":"https:\/\/iatricskinesiologia.com\/index.php\/wp-json\/wp\/v2\/pages\/43\/revisions\/337"}],"wp:featuredmedia":[{"embeddable":true,"href":"https:\/\/iatricskinesiologia.com\/index.php\/wp-json\/wp\/v2\/media\/37"}],"wp:attachment":[{"href":"https:\/\/iatricskinesiologia.com\/index.php\/wp-json\/wp\/v2\/media?parent=43"}],"curies":[{"name":"wp","href":"https:\/\/api.w.org\/{rel}","templated":true}]}}